{"id":7,"date":"2015-07-24T20:50:07","date_gmt":"2015-07-24T20:50:07","guid":{"rendered":"http:\/\/www.366jours.com\/?page_id=2"},"modified":"2019-11-08T16:45:38","modified_gmt":"2019-11-08T15:45:38","slug":"contact","status":"publish","type":"page","link":"https:\/\/366jours.com\/index.php\/contact\/","title":{"rendered":"Contact"},"content":{"rendered":"<p><em>Notre \u00e9quipe se tient \u00e0 votre disposition pour r\u00e9pondre \u00e0 vos questions, apporter une modification, ou lire vos suggestions.<\/em><br \/>\n<em>Temps de r\u00e9ponse : <strong>72 heures<\/strong>.<\/em><\/p>\n<p>[contact-form-7 id=\u00a0\u00bb1316&Prime; title=\u00a0\u00bbContact form 1&Prime;]<\/p>\n","protected":false},"excerpt":{"rendered":"<p>Notre \u00e9quipe se tient \u00e0 votre disposition pour r\u00e9pondre \u00e0 vos questions, apporter une modification, ou lire vos suggestions. Temps de r\u00e9ponse : 72 heures. [contact-form-7 id=\u00a0\u00bb1316&Prime; title=\u00a0\u00bbContact form 1&Prime;]<\/p>\n","protected":false},"author":1,"featured_media":51,"parent":0,"menu_order":0,"comment_status":"closed","ping_status":"open","template":"","meta":{"footnotes":""},"class_list":["post-7","page","type-page","status-publish","has-post-thumbnail","hentry"],"_links":{"self":[{"href":"https:\/\/366jours.com\/index.php\/wp-json\/wp\/v2\/pages\/7","targetHints":{"allow":["GET"]}}],"collection":[{"href":"https:\/\/366jours.com\/index.php\/wp-json\/wp\/v2\/pages"}],"about":[{"href":"https:\/\/366jours.com\/index.php\/wp-json\/wp\/v2\/types\/page"}],"author":[{"embeddable":true,"href":"https:\/\/366jours.com\/index.php\/wp-json\/wp\/v2\/users\/1"}],"replies":[{"embeddable":true,"href":"https:\/\/366jours.com\/index.php\/wp-json\/wp\/v2\/comments?post=7"}],"version-history":[{"count":0,"href":"https:\/\/366jours.com\/index.php\/wp-json\/wp\/v2\/pages\/7\/revisions"}],"wp:featuredmedia":[{"embeddable":true,"href":"https:\/\/366jours.com\/index.php\/wp-json\/wp\/v2\/media\/51"}],"wp:attachment":[{"href":"https:\/\/366jours.com\/index.php\/wp-json\/wp\/v2\/media?parent=7"}],"curies":[{"name":"wp","href":"https:\/\/api.w.org\/{rel}","templated":true}]}}